{"id":6502,"date":"2025-11-14T11:42:15","date_gmt":"2025-11-14T11:42:15","guid":{"rendered":"https:\/\/roudaynadesigns.com\/?post_type=product&#038;p=6502"},"modified":"2025-11-14T11:42:16","modified_gmt":"2025-11-14T11:42:16","slug":"jebba-revisitee","status":"publish","type":"product","link":"https:\/\/roudaynadesigns.com\/index.php\/product\/jebba-revisitee\/","title":{"rendered":"Jebba revisit\u00e9e"},"content":{"rendered":"<p>jebba revisit\u00e9e col offici\u00e9 , manches d\u00e9tails n\u0153ud en papillon\u00a0 .<\/p>\n","protected":false},"excerpt":{"rendered":"<p>jebba revisit\u00e9e col offici\u00e9 , manches d\u00e9tails n\u0153ud en papillon\u00a0 .<\/p>\n","protected":false},"featured_media":6496,"template":"","meta":[],"product_brand":[67],"product_cat":[73,74],"product_tag":[],"class_list":{"0":"post-6502","1":"product","2":"type-product","3":"status-publish","4":"has-post-thumbnail","6":"product_brand-roudayna_designs","7":"product_cat-caftans","8":"product_cat-jebbas","10":"first","11":"instock","12":"taxable","13":"shipping-taxable","14":"purchasable","15":"product-type-simple"},"_links":{"self":[{"href":"https:\/\/roudaynadesigns.com\/index.php\/wp-json\/wp\/v2\/product\/6502","targetHints":{"allow":["GET"]}}],"collection":[{"href":"https:\/\/roudaynadesigns.com\/index.php\/wp-json\/wp\/v2\/product"}],"about":[{"href":"https:\/\/roudaynadesigns.com\/index.php\/wp-json\/wp\/v2\/types\/product"}],"wp:featuredmedia":[{"embeddable":true,"href":"https:\/\/roudaynadesigns.com\/index.php\/wp-json\/wp\/v2\/media\/6496"}],"wp:attachment":[{"href":"https:\/\/roudaynadesigns.com\/index.php\/wp-json\/wp\/v2\/media?parent=6502"}],"wp:term":[{"taxonomy":"product_brand","embeddable":true,"href":"https:\/\/roudaynadesigns.com\/index.php\/wp-json\/wp\/v2\/product_brand?post=6502"},{"taxonomy":"product_cat","embeddable":true,"href":"https:\/\/roudaynadesigns.com\/index.php\/wp-json\/wp\/v2\/product_cat?post=6502"},{"taxonomy":"product_tag","embeddable":true,"href":"https:\/\/roudaynadesigns.com\/index.php\/wp-json\/wp\/v2\/product_tag?post=6502"}],"curies":[{"name":"wp","href":"https:\/\/api.w.org\/{rel}","templated":true}]}}